{"id":301,"date":"2018-01-12T13:54:39","date_gmt":"2018-01-12T18:54:39","guid":{"rendered":"http:\/\/www.lcti.umontreal.ca\/wordpress\/?page_id=301"},"modified":"2018-04-17T16:00:59","modified_gmt":"2018-04-17T20:00:59","slug":"axe_im","status":"publish","type":"page","link":"http:\/\/www.lcti.umontreal.ca\/wordpress\/index.php\/axe_im\/","title":{"rendered":"Axe imagerie musculosquelettique"},"content":{"rendered":"<blockquote><p><strong>Chercheuse responsable de l&rsquo;axe<\/strong><br \/>\nNathalie Bureau<\/p>\n<p><strong>Mots-cl\u00e9s<\/strong><br \/>\nUltrasonographie, Imagerie par r\u00e9sonance magn\u00e9tique, Elastographie, Epaule, Coude, Tendinopathie, Arthrose, Segmentation et Analyse morphom\u00e9trique 3D<\/p><\/blockquote>\n<p>&nbsp;<\/p>\n<h1>Domaines de recherche<\/h1>\n<h2>A. D\u00e9veloppement, validation et translation clinique de biomarqueurs quantitatifs des tendinopathies.<\/h2>\n<ul>\n<li class=\"frproj\"><strong><span style=\"color: #667788;\">Caract\u00e9risation de l\u2019\u00e9picondylose lat\u00e9rale chronique du coude par Ultrasonographie quantitative bas\u00e9e sur la mod\u00e9lisaton statistique de la r\u00e9trodiffusion.<\/span><\/strong><br \/>\nCollaborateurs : Guy Cloutier, Fran\u00e7ois Destrempes, Patrice T\u00e9treault, Philippe Grondin, Thomas Moser, Johan Michaud.<br \/>\n\u00c9tudiants : Souad Acid, Eugen Lungu.<\/li>\n<li class=\"frproj\"><strong><span style=\"color: #667788;\">Segmentations et reconstructions 3D d\u2019images \u00e9chographiques de tendons d\u2019Achille cadav\u00e9riques corr\u00e9l\u00e9es \u00e0 l\u2019histopathologie.<\/span><\/strong><br \/>\nCollaborateurs : Guy Cloutier, Marie-H\u00e9l\u00e8ne Cardinal, Detlev Grabs (UQTR), Dominique Trudel, Natalie Dion, Ir\u00e8ne Londono.<br \/>\n\u00c9tudiants : Philippe Mahbeer, Eugen Lungu.<\/li>\n<li class=\"frproj\"><strong><span style=\"color: #667788;\">ECR comparant l\u2019efficacit\u00e9 de la fenestration \u00e9cho-guid\u00e9e \u00e0 la chirurgie ouverte pour le traitement de l\u2019\u00e9picondylose lat\u00e9rale chronique du coude et valeur pr\u00e9dictive de param\u00e8tres d\u2019\u00e9chographie mode-B, d\u2019\u00e9chographie quantitative et d\u2019\u00e9lastographie.<\/span><\/strong><br \/>\nCollaborateurs : Philippe Grondin, Patrice T\u00e9treault, Manon Choini\u00e8re, Fran\u00e7ois Desmeules (CRHMR), Guy Cloutier.<\/li>\n<li class=\"frproj\"><strong><span style=\"color: #667788;\">IRM quantitative pour la caract\u00e9risation de la tendinopthie glut\u00e9ale.<\/span><\/strong><br \/>\nCollaborateurs : Guillaume Gilbert, Bernard Leduc, Jean R\u00e9millard, Roger Vadeboncoeur, Marianne Lepage-Saucier, V\u00e9ronique Freire.<\/li>\n<\/ul>\n<h2>B. Imagerie multiparam\u00e9trique pour le diagnostic et le pronostic des d\u00e9chirures de la coiffe des rotateurs de l\u2019\u00e9paule.<\/h2>\n<ul>\n<li class=\"frproj\"><strong><span style=\"color: #667788;\">Analyse morphom\u00e9trique 3D du muscle supra\u00e9pineux dans les d\u00e9chirures de la coiffe des rotateurs.<\/span><\/strong><br \/>\nCollaborateurs : Samuel Kadoury (Polytech), Masha Shakeri<br \/>\n\u00c9tudiant : Marie-Pierre Ingham<\/li>\n<\/ul>\n<h2>C. Analyse biom\u00e9canique, \u00c9valuation socio-\u00e9conomique et Intelligence artificielle appliqu\u00e9es \u00e0 la probl\u00e9matique de l\u2019Arthrose du genou.<\/h2>\n<ul>\n<li class=\"frproj\"><strong><span style=\"color: #667788;\">Mieux diagnostiquer et traiter l\u2019arthrose du genou : un imp\u00e9ratif pour notre syst\u00e8me de sant\u00e9.<\/span><\/strong><br \/>\nCollaborateurs : Nicola Hagemeister (\u00c9TS), Manon Choini\u00e8re, Madeleine Durand, Alexandre Fuentes (EMOVI).<\/li>\n<li class=\"frproj\"><strong><span style=\"color: #667788;\">Classification radiographique de l\u2019arthrose du genou par apprentissage machine.<\/span><\/strong><br \/>\nCollaborateurs : Jacques de Guise (\u00c9TS), Ismail Ben Ayed (\u00c9TS), Nicola Hagemeister, Pascal-A Vendittoli (CRHMR), David Hunter (University of Sydney, Australia).<br \/>\nPost-docs : M\u00e9riem Ben Abdallah, Jose Dolz<\/li>\n<\/ul>\n<h1>Modalit\u00e9s<\/h1>\n<p>Ultrasonographie (US), Imagerie par r\u00e9sonance magn\u00e9tique (IRM), Elastographie, Radiographie.<\/p>\n<h1>Pathologies<\/h1>\n<p>D\u00e9chirures de la coiffe des rotateurs \u00e0 l\u2019\u00e9paule ; Epicondylose lat\u00e9rale du coude ; Tendinopathie glut\u00e9ale de la hanche ; Arthrose du genou.<\/p>\n<h1>Ces projets sont financ\u00e9s par :<\/h1>\n<p>Le Fonds de recherche du Qu\u00e9bec Sant\u00e9 (FRQS), la Fondation de l\u2019Association des Radiologistes du Qu\u00e9bec (FARC), l\u2019Institut Robert-Sauv\u00e9 en Sant\u00e9 et S\u00e9curit\u00e9 du Travail (IRSST), le Minist\u00e8re de l\u2019\u00c9conomie, Sciences et Innovaton (MESI \u2013 FPQIS).<\/p>\n<h1>Publications index\u00e9es sur PubMed<\/h1>\n<p><a href=\"https:\/\/www.ncbi.nlm.nih.gov\/pubmed\/?term=bureau+n%5Bauthor%5D\">Bureau n[Author] \u2013 PubMed \u2013 NCBI<\/a><\/p>\n","protected":false},"excerpt":{"rendered":"<p>Chercheuse responsable de l&rsquo;axe Nathalie Bureau Mots-cl\u00e9s Ultrasonographie, Imagerie par r\u00e9sonance magn\u00e9tique, Elastographie, Epaule, Coude, Tendinopathie, Arthrose, Segmentation et Analyse morphom\u00e9trique 3D &nbsp; Domaines de recherche A. D\u00e9veloppement, validation et translation clinique de biomarqueurs quantitatifs des tendinopathies. Caract\u00e9risation de l\u2019\u00e9picondylose lat\u00e9rale chronique du coude par Ultrasonographie quantitative bas\u00e9e sur la mod\u00e9lisaton statistique de la r\u00e9trodiffusion. &hellip; <a href=\"http:\/\/www.lcti.umontreal.ca\/wordpress\/index.php\/axe_im\/\" class=\"more-link\">Continuer la lecture de <span class=\"screen-reader-text\">Axe imagerie musculosquelettique<\/span><\/a><\/p>\n","protected":false},"author":3,"featured_media":0,"parent":0,"menu_order":0,"comment_status":"closed","ping_status":"closed","template":"","meta":{"footnotes":""},"_links":{"self":[{"href":"http:\/\/www.lcti.umontreal.ca\/wordpress\/index.php\/wp-json\/wp\/v2\/pages\/301"}],"collection":[{"href":"http:\/\/www.lcti.umontreal.ca\/wordpress\/index.php\/wp-json\/wp\/v2\/pages"}],"about":[{"href":"http:\/\/www.lcti.umontreal.ca\/wordpress\/index.php\/wp-json\/wp\/v2\/types\/page"}],"author":[{"embeddable":true,"href":"http:\/\/www.lcti.umontreal.ca\/wordpress\/index.php\/wp-json\/wp\/v2\/users\/3"}],"replies":[{"embeddable":true,"href":"http:\/\/www.lcti.umontreal.ca\/wordpress\/index.php\/wp-json\/wp\/v2\/comments?post=301"}],"version-history":[{"count":21,"href":"http:\/\/www.lcti.umontreal.ca\/wordpress\/index.php\/wp-json\/wp\/v2\/pages\/301\/revisions"}],"predecessor-version":[{"id":635,"href":"http:\/\/www.lcti.umontreal.ca\/wordpress\/index.php\/wp-json\/wp\/v2\/pages\/301\/revisions\/635"}],"wp:attachment":[{"href":"http:\/\/www.lcti.umontreal.ca\/wordpress\/index.php\/wp-json\/wp\/v2\/media?parent=301"}],"curies":[{"name":"wp","href":"https:\/\/api.w.org\/{rel}","templated":true}]}}